?
False
Is 783317 prime?
True
Is 2512771 a composite number?
False
Is 733427491 a composite number?
False
Is 21163949 a composite number?
True
Is 7518307 a prime number?
True
Is 673065395 a composite number?
True
Is 68419889 prime?
True
Is 1477514 a composite number?
True
Is 18030101 prime?
True
Is 306643 a composite number?
False
Is 10361867 a composite number?
True
Is 2705663 a composite number?
False
Is 247124843 prime?
False
Is 521001571 a composite number?
False
Is 162349993 a composite number?
True
Is 25385221 composite?
False
Is 2934241 prime?
False
Is 2872183 composite?
False
Is 6476417 composite?
False
Is 13022497 prime?
True
Is 9325963 a composite number?
True
Is 5201408153 a prime number?
True
Is 101880257 prime?
False
Is 2263007 a composite number?
False
Is 2303473 a composite number?
True
Is 1411849 a prime number?
False
Is 17285441 a composite number?
True
Is 289837 composite?
False
Is 42058421 prime?
False
Is 6815873 prime?
False
Is 64489963 prime?
True
Is 244683173 prime?
False
Is 1496179 a prime number?
False
Is 75169951 a prime number?
True
Is 9266753 a prime number?
True
Is 3774347 composite?
False
Is 1574 composite?
True
Is 19742599 prime?
True
Is 1406567 prime?
False
Is 485379077 a prime number?
True
Is 92376377 a composite number?
True
Is 1826494 a prime number?
False
Is 6180437 a composite number?
True
Is 755087 composite?
False
Is 207843971 prime?
True
Is 449941 composite?
False
Is 444755309 prime?
False
Is 13879945 a prime number?
False
Is 1320949 a prime number?
False
Is 111696197 a composite number?
True
Is 7051703 composite?
True
Is 21542453 a composite number?
False
Is 18522611 prime?
False
Is 3907123 prime?
False
Is 849829 a composite number?
False
Is 5370163 a composite number?
False
Is 5140357 composite?
False
Is 3248059 composite?
True
Is 2423669 prime?
True
Is 1294019 a composite number?
False
Is 6123433 a composite number?
True
Is 24883589 prime?
False
Is 38074489 composite?
False
Is 8352497 a prime number?
True
Is 23108639 composite?
False
Is 18899263 composite?
False
Is 22354743 a prime number?
False
Is 462227965 a prime number?
False
Is 509311867 prime?
False
Is 55908103 prime?
True
Is 116341 a prime number?
True
Is 87063601 prime?
True
Is 1148669 a composite number?
True
Is 1304689 a prime number?
False
Is 2768587 composite?
False
Is 3182231 a composite number?
True
Is 91613597 a prime number?
True
Is 16833239 a prime number?
True
Is 3802861 composite?
False
Is 44879 composite?
False
Is 2621441 a prime number?
False
Is 561023 a prime number?
False
Is 28226949 prime?
False
Is 32813737 a composite number?
True
Is 56136403 composite?
False
Is 79455559 a composite number?
True
Is 1070647 prime?
False
Is 203153779 a prime number?
False
Is 8786639 a composite number?
False
Is 18220337 composite?
False
Is 12366385 composite?
True
Is 1887818 a composite number?
True
Is 23496707 composite?
True
Is 15511577 prime?
True
Is 19415566 a composite number?
True
Is 416799157 a prime number?
True
Is 355027 a prime number?
True
Is 116251831 prime?
False
Is 66456289 prime?
False
Is 1575677 prime?
True
Is 24489823 a prime number?
True
Is 13193749 prime?
False
Is 28136546 a composite number?
True
Is 10489571 a prime number?
True
Is 69306019 a prime number?
False
Is 24631361 a composite number?
False
Is 28043011 a prime number?
True
Is 18272749 a composite number?
True
Is 888857 prime?
True
Is 5536343 a composite number?
False
Is 1594508599 prime?
False
Is 14492711 a prime number?
True
Is 75069283 prime?
True
Is 3319919 a composite number?
False
Is 143345777 prime?
True
Is 6403273 a composite number?
False
Is 335361337 a composite number?
True
Is 336255203 a prime number?
False
Is 11515421 a composite number?
True
Is 58730057 a prime number?
True
Is 44641451 a prime number?
False
Is 7750207 composite?
True
Is 41540089 a prime number?
False
Is 94878781 prime?
False
Is 46244266 composite?
True
Is 28812209 prime?
True
Is 222739 a prime number?
False
Is 7821697 composite?
True
Is 361747 a prime number?
True
Is 2553013 composite?
True
Is 3020249 prime?
False
Is 143814929 composite?
True
Is 4272469 a composite number?
False
Is 13093705 composite?
True
Is 298056247 a composite number?
False
Is 3927026 composite?
True
Is 10293407 a prime number?
True
Is 13167937 a prime number?
False
Is 892237 a prime number?
True
Is 38506033 a prime number?
False
Is 1227167 a prime number?
True
Is 388846749 prime?
False
Is 113378441 a composite number?
True
Is 1541051 composite?
False
Is 1080017 a composite number?
True
Is 80758793 a prime number?
True
Is 518657 a composite number?
False
Is 2536123 prime?
True
Is 12198683 prime?
False
Is 11586671 prime?
True
Is 336000911 prime?
True
Is 280219 prime?
True
Is 554530127 composite?
False
Is 93720391 composite?
False
Is 8653423 a composite number?
True
Is 41620609 prime?
True
Is 98727 prime?
False
Is 37824491 prime?
True
Is 356433383 prime?
False
Is 9270361 prime?
True
Is 205419727 composite?
False
Is 48483521 prime?
False
Is 897719 a prime number?
False
Is 1972643 prime?
True
Is 1966922 prime?
False
Is 159850547 composite?
False
Is 147093187 composite?
False
Is 2880197 a composite number?
False
Is 3427673 composite?
False
Is 17154373 composite?
True
Is 2143886461 a composite number?
False
Is 6853783 a composite number?
False
Is 5184761 prime?
False
Is 4897941 a prime number?
False
Is 1515109 a composite number?
False
Is 55200869 composite?
False
Is 244370039 a composite number?
True
Is 821923 a composite number?
True
Is 550037747 composite?
True
Is 346979 a prime number?
False
Is 44221 prime?
True
Is 68863 prime?
True
Is 141707099 a composite number?
False
Is 8708309 prime?
False
Is 533271313 a composite number?
False
Is 147335117 a prime number?
True
Is 718541 a composite number?
False
Is 39288583 a composite number?
False
Is 102138701 a prime number?
False
Is 679087 a prime number?
True
Is 2867849 a prime number?
False
Is 5364143 a composite number?
False
Is 2650111 composite?
True
Is 1050191 a composite number?
False
Is 5088373 composite?
True
Is 5871871 composite?
False
Is 70111217 prime?
False
Is 3292843 a prime number?
True
Is 932839 a prime number?
True
Is 20607673 a prime number?
True
Is 1147681 a composite number?
True
Is 37744103 a composite number?
False
Is 93572987 prime?
True
Is 336481 a prime number?
False
Is 163618517 prime?
True
Is 827233423 a prime number?
False
Is 173966857 a prime number?
True
Is 5755691 prime?
True
Is 309264199 a prime number?
False
Is 1495453 a composite number?
True
Is 29249711 a composite number?
True
Is 84757777 a composite number?
True
Is 2828543 composite?
False
Is 607767167 a composite number?
True
Is 493573 prime?
True
Is 5058877 prime?
False
Is 561074 a prime number?
False
Is 92289563 prime?
False
Is 2727913 composite?
False
Is 6442661 composite?
False
Is 244021397 a prime number?
True
Is 5972639 a composite number?
True
Is 48607271 a prime number?
False
Is 27974413 a prime number?
False
Is 59595433 a composite number?
False
Is 15403006 composite?
True
Is 2931047 prime?
False
Is 15504413 composite?
False
Is 488503 prime?
True
Is 270887777 composite?
False
Is 170208019 prime?
True
Is 338761077 a prime number?
False
Is 1645879 composite?
False
Is 269835047 prime?
True
Is 51832663 a composite number?
False
Is 6508167 a composite number?
True
Is 46835671 composite?
True
Is 242494223 composite?
False
Is 64217 prime?
True
Is 12093071 composite?
False
Is 1445080763 a composite number?
True
Is 6955877 a prime number?
True
Is 9013889 a prime number?
True
Is 345413 a composite number?
False
Is 2012741 a prime number?
True
Is 523258657 prime?
False
Is 82938403 composite?
True
Is 92141437 prime?
True
Is 2886187 a composite number?
False
Is 18477083 a composite number?
True
Is 9981661 a prime number?
True
Is 6056833 composite?
False
Is 20031143 a prime number?
False
Is 5578717 composite?
False
Is 195304969 composite?
True
Is 48955399 a composite number?
False
Is 11303639 a prime number?
True
Is 113137223 a composite number?
False
Is 37370327 a prime number?
True
Is 1831033 a composite number?
False
Is 8931907 prime?
True
Is 121868129 prime?
True
Is 98983387 a prime number?
True
Is 306707095 composite?
True
Is 1047601 composite?
True
Is 4857747 composite?
True
Is 66591